?
68
What is 4 + 7 + 3947 + -4018?
-60
Evaluate (-5 - -4) + 1 - (-250 - -264).
-14
Evaluate (-3 - (2 - -59) - (-1 - -2)) + (13233 - 13240).
-72
What is (28 - 6) + -31 + 71?
62
What is the value of -18 - (-53 - (-38 - -7))?
4
What is the value of -10 - (1498 - 1589 - (1 + 10 + -1) - -3)?
88
Calculate (21 - 46) + 61 + -29.
7
103 + (-52 - -77) + -6 + -32
90
What is the value of -153 + 142 + (4 - -1 - 5 - -27)?
16
Evaluate 107 + -41 + -44 + 46.
68
What is the value of (0 - -25) + (-84 - 11) + (-60 - -62)?
-68
What is the value of (466 - 526) + (3 - 0) + 16?
-41
Calculate -4 + (65 - 32 - -34).
63
What is the value of (-1 - 1) + -4786 + 4842?
54
Evaluate ((-1 - -6) + 1 - 17) + -26.
-37
Calculate 59 - (2 + 7 + (7 - (7 - (0 - 3)))).
53
-60 - (-38 - -13 - -25) - -6
-54
What is the value of 0 + -2 + -1 + -2 - (-9 + 12 + -14)?
6
Evaluate (-20 - 5) + ((8 - -8 - 1) + -3 - 9).
-22
Evaluate (-1 - 2) + (32 - (7 + -17 + 71)).
-32
Evaluate -26 + -5 + (358 - 329).
-2
What is the value of (0 - -11 - (70 + -138 - -81)) + -66?
-68
Evaluate (-235 - -116) + 132 + (-1 - 0 - (1 + -35)).
46
-19 + (-33 + 15 - -44) + 93
100
4 - 71 - -37 - 65
-95
Calculate 21 + -11 + -32 + -13 - 12.
-47
Calculate (-62 - -44) + -41 + 13.
-46
92 - 34 - (-6 - -7)
57
Calculate 5 + -13 + (-12 - -40 - (5 - -7)).
8
Evaluate 17 + (-34 - -7 - -26).
16
What is the value of (10 - (-8 + (13 - 7))) + (-2 - -2) + 10?
22
Calculate -7 - (79 - 61 - 91).
66
What is 25 - ((-48 - -21) + (65 - 14))?
1
-5 + -21 + -76 + 58
-44
Evaluate -36 - (-37 + (54 - 20)).
-33
Calculate -2 - (-1221 + 1232 - (25 - -1)).
13
What is 64 - 17 - (86 + -7)?
-32
(-57 - 65 - -91) + -3 + -34
-68
Calculate -3 + -17 - (-446 + 409).
17
What is the value of -57 - -111 - (-194 - -146)?
102
Calculate (9 - (18 - 12)) + (4 - 4 - -6).
9
What is the value of 38 + (0 - 0 - (14 - (11 - -1)))?
36
Evaluate (54 - 114 - -182) + -250.
-128
Evaluate -39 + 1 + -5 + 12 + -9.
-40
3 - (49 + -212 + 105 - (8 + -1 + 0))
68
What is the value of -6 - ((3 - -2) + -28 + (-2 - -17))?
2
Calculate -79 - ((-1 - -28) + -32 - 17).
-57
Calculate -1 + (10 - (-10 + 13) - 4) - -13.
15
What is (-40 - (96 + -133)) + 0 + 50?
47
49 + (52 - 20 - 74 - -65)
72
What is the value of 1 + -18 - (-1251 - -1235)?
-1
16 + (-56 - (7 - -46) - (-1 + -16))
-76
What is 2 - 22 - (66 - (-52 + 99))?
-39
What is 7 + -101 - ((1 - -3) + 3 - (-4 - 2))?
-107
Calculate 2 - -7 - (242 - 248) - 16.
-1
-27 + 0 - (249 + 92 + -367)
-1
What is (-17 - (1 + 20 + -29)) + -6?
-15
What is the value of -4 - (31 - (5 + 10) - (31 + -5))?
6
What is (4 - 3) + (-11 + -7 + 19 - 8 - -74)?
68
-1 - (-13 + 2) - (-271 + 282 + -1 + -11)
11
Evaluate 83 - (4 - 0 - (-22 + 19)).
76
(5 + -13 - 8) + 11 - (-9 + 15)
-11
What is 10 + -2 + (-2 - (-3 + 45) - 25)?
-61
What is 22 - (104 + -82 + 10 + 59)?
-69
Calculate -49 + 2 + (-64 - -212).
101
What is the value of 186 + -308 - (-104 - 3)?
-15
15 - (10 - (-13 - -41) - -6)
27
What is the value of -411 - -549 - (-2 - (0 - 14))?
126
What is (16 + 0 - (1111 - 1069)) + (-1 - -1) + -9?
-35
78 + (43 - 43 - 42)
36
59 + -172 + (100 - 6)
-19
What is 42 - (8 + (-8 - (-5 - (-6 + 3)) - -5))?
35
Evaluate (-1 - (-44 - (-7 + -10))) + 4.
30
-2 + 0 + (-93 - -34 - -61) - (2 + 0)
-2
What is -52 - -3 - (-1 + -1) - ((-29 - -67) + -34)?
-51
1 + -1 - (8 + -3 - 0 - -7)
-12
Calculate -8 - (-35 + -4 + -33).
64
(0 - 21) + (-5204 - -5251)
26
What is the value of -10 + 6 + (-15 - (-15 - -7)) - (93 + -31)?
-73
Evaluate (34 - 37) + (-7 - 0) + (-5 - -18).
3
4 + -42 + 4 + 67
33
What is the value of -130 - -6 - -3 - (112 - 133)?
-100
16 + (-95 - (-9 + -18)) - 5
-57
Calculate 11 - (8 + -10 + 9 + 7 + 0).
-3
Evaluate -83 - ((-17 - (-2 - -6)) + (-97 - -132)).
-97
What is the value of (12 - -1) + (-51 - (-106 - -73)) + 43?
38
What is the value of 17 - -4 - (-5 + 2 + 3 + -4)?
25
What is -4 + (-1 - 3) + 379 + -389?
-18
What is the value of (-15 - 0) + (8 - (47 + -65) - 51)?
-40
What is the value of 22 - (108 + (20 - (12 - -7)))?
-87
Calculate (140 + -141 - (-19 + 2)) + -26 - 7.
-17
341 + -357 + -1 + 2 - (-6 - -47)
-56
Evaluate 0 + (2 - -119 - (80 + -65)) + -8.
98
Evaluate -26 + (-34 + 49 - -30).
19
Evaluate -82 + (125 - 25) + -106.
-88
-4 + (97 - 3) - (56 - 39 - (-2 + 13))
84
What is (-21 - 2 - 11 - -65) + 22?
53
What is -34 - (-6 + -6 - 9)?
-13
Evaluate -91 - (240 + -245 + 5 + (3 - 4)).
-90
Calculate -24 + 0 - (21 - 2 - (7 + 8 + 14)).
-14
What is (-2 - 8 - (325 + -319)) + -8?
-24
(96 + -90 - (14 + 1)) + 32
23
Evaluate (10 + 3 + -22 - -12 - 1) + (1 - 1).
2
Evaluate -6 + 1 - (30 - (47 + -1 + 15)).
26
Evaluate (-59 - -34 - -18) + -2 + 16 + 25.
32
Evaluate 33 + 630 + -561 + (0 - 2).
100
Evaluate 0 + (-15 - 4) - (-287 + 306).
-38
Calculate (2 - 79) + ((-27 - 0) + 83 + -66 - -15).
-72
(-9 - (-16 + 3) - 10) + (15 + -5 - -13)
17
12 + 12 + -11 + -2 + -18 + -23
-30
Evaluate 3 + 84 + (345 - 454).
-22
What is the value of -2 - (-37 + 1) - (29 - (-14 + -6 - -43))?
28
11 + -10 + (-9 - -22) + -15
-1
Calculate 30432 + -30414 + -21 + -1 + 1.
-3
Evaluate (-1 - 35) + (-11 - (1 + -10)) + -11.
-49
Evaluate (-12 - -2) + (-5 + 56 - 20) + 55.
76
Calculate -1 + -8 - (27 + 15 + -5 - 25).
-21
What is 18 + -75 - (-19 - -2) - (5 - (-4 - -1))?
-48
What is -48 + -87 + 126 + 107?
98
What is the value of (-197 - (-197 + -37)) + (1 - (1 - 1))?
38
What is (12 - (-17 - -18) - 12) + 23 + 17?
39
Evaluate -3 + 20 - (4 - 3) - 3 - -7.
20
Evaluate 23 - (-151 + 121 - 50).
103
-122 - (72 - 154) - -38
-2
193 - (-320 + 385) - (23 + 1 - 2)
106
-3 + (-5 - -4) + -379 + 366
-17
Calculate -146 + 263 + -111 + -106.
-100
Calculate -49 + 3 + (49 - 55 - -6) + (9 - 1).
-38
Calculate (3 - (-9 - -24) - -18) + (-2 - -3) + -5.
2
Evaluate -13 + 41 - -42 - 42.
28
-77 + 42 - 11 - -31
-15
Calculate -23 + (-20 + 63 - -10) - 35.
-5
Evaluate -11 - ((6 - -5) + (2 - -22)).
-46
What is (281 - (25 - -51)) + -105?
100
What is the value of 43 + 1 + 20 + -30 + (15 - 15)?
34
What is the value of -8 + (-1 + -4 - (129 - 154)) - -1?
13
What is the value of (-685 - -699) + -1 + -15 - -112?
110
What is 37 + (-267 + 113 - -167)?
50
What is the value of -89 - (-185 + 52 - -73)?
-29
-965 + 884 + 31 + 1
-49
-102 + 51 + -3 - -67
13
What is the value of (-7 - (10 + 17 - 52)) + 18?
36
Calculate 46 + 64 - 55 - 43.
12
What is the value of -78 + (-54 - -37) - (15 - 41)?
-69
Evaluate (-26 - (-44 + -23)) + -42.
-1
What is 48 + (-1 + 0 - -1) + (323 - 315) + -15?
41
What is the value of (2 - 64) + 1 + -15 + (-20 - -48)?
-48
Calculate 0 + -44 - (81 + -92 + 2 + 4).
-39
Evaluate 73 + 53 + -25 + -8 + -24.
69
What is the value of 39 - (2 + -20 - -14) - 2?
41
What is -55 - (60 - (65 - -1))?
-49
-12 + -53 + 382 + -338
-21
What is 276 - 174 - (87 + 21)?
-6
Evaluate -66 + 33 + (-76 - (15 - 30)).
-94
What is (-13 - -25) + 0 - (-63 + (-28 - -18))?
85
What is the value of 35 - -1 - (10 - 16 - (0 - -1))?
43
Evaluate -26 - (-3 - (-1 + 16 - (7 - 9 - -11))).
-17
What is the value of -5 - (1 - 13 - ((-69 - -2) + 104 + -113))?
-69
-115 + 112 + 3 + 47
47
Calculate -13 + 0 + -61 + 9 + 2 + -12 + 6.
-69
(-34 + 0 - (133 + -130) - (0 - 4)) + 7
-26
-34 + 39 - 57 - 14
-66
Evaluate (-33 - -88) + -59 + 55.
51
Evaluate 67 - (-4 + 12 - ((46 - 13) + -19)).
73
What is the value of (65 - 74) + 2 + -1 + -4 + 102?
90
Calculate 5 + 8 + -23 + -13 + 22.
-1
What is -143 + 0 - 0 - (445 - 1095 - -645)?
-138
Evaluate -26 + 0 + -1 - (-4225 - -4223).
-25
What is the value of (-18 - -9 - -22 - 35) + 12 + 0?
-10
-1 + 1 + 12 + -4 + (52 - 11)
49
Evaluate 81 - 55 - (31 + 0).
-5
What is the value of 91 + -42 + -10 + -135?
-96
Evaluate 12 - (-16 + 8) - -27.
47
What is -30 + (15 + (-58 - -36) - (1 + -3 + 2))?
-37
(1 - 12) + (0 - -1) + -1 + -3807 + 3763
-55
(-2 - -11) + (184 - 294)
-101
What is -223 + 228 + -31 + 7 + -2?
-21
Evaluate (-45 - 2) + (129 - 51 - 66).
-35
Evaluate 84 - (-21 + (61 - (-15 - -43)) + (1 - 2)).
73
(-39 - -48 - (0 + 11)) + -42 + 49
5
1 - -19 - (-78 - -127)
-29
Calculate 135 + -52 - (57 + -18).
44
What is -4 + -4 + -7 - 0 - 44?
-59
Calculate 0 + (2 - 3) + (-59 - -92) - 8.
24
What is the value of (20 + 0 - (-166 + 194)) + 5 + 2?
-1
Evaluate 0 + -6 - (25 + -16 + (-11 - (-12 - -16))).
0
Evaluate (12 - 0) + -1 + 0 - (-1435 - -1566).
-120
Calculate 109 + -100 + (5 + -9 + 3 - 4).
4
What is the value of 2 + 113 + 37 - 193?
-41
What is 5 + -175 + 95 + -